 digit of 42399212?
2
What is the thousands digit of 52714143?
4
What is the hundreds digit of 63228375?
3
What is the ten thousands digit of 7551202?
5
What is the thousands digit of 1394437285?
7
What is the units digit of 71495922?
2
What is the hundreds digit of 78119884?
8
What is the hundred millions digit of 7360478923?
3
What is the hundreds digit of 4496630?
6
What is the ten thousands digit of 91107491?
0
What is the hundred thousands digit of 317073774?
0
What is the units digit of 1625345934?
4
What is the units digit of 800645660?
0
What is the ten thousands digit of 53752830?
5
What is the millions digit of 1712115674?
2
What is the units digit of 2083426940?
0
What is the hundred thousands digit of 57042911?
0
What is the ten millions digit of 68702530?
6
What is the ten millions digit of 236211868?
3
What is the hundreds digit of 112552269?
2
What is the ten thousands digit of 2210191408?
9
What is the thousands digit of 11306704?
6
What is the tens digit of 5552588723?
2
What is the hundreds digit of 212547696?
6
What is the ten thousands digit of 1822292483?
9
What is the thousands digit of 78385482?
5
What is the hundreds digit of 5489544091?
0
What is the thousands digit of 166605313?
5
What is the billions digit of 5092463695?
5
What is the hundred thousands digit of 782998397?
9
What is the thousands digit of 814770233?
0
What is the units digit of 5662858629?
9
What is the hundred millions digit of 432119686?
4
What is the tens digit of 45154703?
0
What is the ten thousands digit of 185136269?
3
What is the units digit of 266816193?
3
What is the millions digit of 73814363?
3
What is the millions digit of 910191176?
0
What is the hundred thousands digit of 63630434?
6
What is the thousands digit of 1900763557?
3
What is the hundreds digit of 557865979?
9
What is the hundred millions digit of 197436277?
1
What is the hundreds digit of 65488607?
6
What is the units digit of 36852524?
4
What is the hundreds digit of 2083406694?
6
What is the thousands digit of 1133658305?
8
What is the tens digit of 477298436?
3
What is the hundreds digit of 287198908?
9
What is the hundreds digit of 890789407?
4
What is the ten millions digit of 600300725?
0
What is the hundreds digit of 195929820?
8
What is the units digit of 186666145?
5
What is the hundreds digit of 2204950?
9
What is the thousands digit of 11986593?
6
What is the units digit of 6083262?
2
What is the tens digit of 1441192316?
1
What is the hundred thousands digit of 6028444450?
4
What is the millions digit of 15538656?
5
What is the ten millions digit of 3118342175?
1
What is the hundred millions digit of 5346987468?
3
What is the tens digit of 1900121208?
0
What is the tens digit of 67769829?
2
What is the hundred millions digit of 1515847607?
5
What is the hundreds digit of 521796775?
7
What is the units digit of 25566603?
3
What is the hundred thousands digit of 943890?
9
What is the thousands digit of 135128654?
8
What is the hundreds digit of 3150775306?
3
What is the thousands digit of 4292455862?
5
What is the hundreds digit of 1022806406?
4
What is the ten thousands digit of 269324309?
2
What is the tens digit of 891036377?
7
What is the ten millions digit of 1814282723?
1
What is the units digit of 35174158?
8
What is the millions digit of 2815840560?
5
What is the ten millions digit of 35996335?
3
What is the ten thousands digit of 79895607?
9
What is the ten thousands digit of 165723905?
2
What is the units digit of 286325292?
2
What is the hundred thousands digit of 14129031?
1
What is the thousands digit of 541923210?
3
What is the hundred millions digit of 501642305?
5
What is the thousands digit of 119719822?
9
What is the hundreds digit of 55980937?
9
What is the millions digit of 29641750?
9
What is the ten millions digit of 2653025694?
5
What is the hundred millions digit of 1685443856?
6
What is the thousands digit of 1774280?
4
What is the thousands digit of 96275723?
5
What is the tens digit of 2569882436?
3
What is the millions digit of 7547653?
7
What is the hundred millions digit of 246138969?
2
What is the billions digit of 1372073821?
1
What is the tens digit of 4579183416?
1
What is the millions digit of 644670095?
4
What is the hundred millions digit of 6215706964?
2
What is the millions digit of 1507867248?
7
What is the thousands digit of 92634919?
4
What is the thousands digit of 5210962089?
2
What is the tens digit of 155180964?
6
What is the hundred thousands digit of 194008475?
0
What is the hundred millions digit of 489362118?
4
What is the hundred millions digit of 984251321?
9
What is the hundred millions digit of 1709197548?
7
What is the ten thousands digit of 134505897?
0
What is the millions digit of 464571230?
4
What is the thousands digit of 1092953414?
3
What is the units digit of 147436699?
9
What is the tens digit of 329257634?
3
What is the hundred millions digit of 642133576?
6
What is the hundred thousands digit of 94895012?
8
What is the thousands digit of 5179088?
9
What is the hundreds digit of 20021566?
5
What is the thousands digit of 692394817?
4
What is the hundred millions digit of 1570163280?
5
What is the tens digit of 444603733?
3
What is the ten thousands digit of 148694078?
9
What is the ten thousands digit of 41570206?
7
What is the hundred thousands digit of 490082497?
0
What is the hundred thousands digit of 30104650?
1
What is the millions digit of 1291434903?
1
What is the tens digit of 41708151?
5
What is the tens digit of 1909327420?
2
What is the millions digit of 111649517?
1
What is the hundreds digit of 35111911?
9
What is the billions digit of 3168464905?
3
What is the billions digit of 6507803664?
6
What is the hundred millions digit of 891030721?
8
What is the hundreds digit of 208448849?
8
What is the units digit of 2822170058?
8
What is the tens digit of 9141626698?
9
What is the ten thousands digit of 128859850?
5
What is the hundred thousands digit of 321184728?
1
What is the thousands digit of 1744852248?
2
What is the thousands digit of 261918094?
8
What is the hundred thousands digit of 40682108?
6
What is the thousands digit of 552332194?
2
What is the units digit of 52184006?
6
What is the units digit of 66066017?
7
What is the thousands digit of 53430541?
0
What is the tens digit of 8009627300?
0
What is the thousands digit of 117732169?
2
What is the units digit of 757146336?
6
What is the thousands digit of 788959266?
9
What is the ten millions digit of 6189497947?
8
What is the millions digit of 982180936?
2
What is the ten millions digit of 150810359?
5
What is the tens digit of 11321818?
1
What is the millions digit of 23906593?
3
What is the millions digit of 535765483?
5
What is the ten millions digit of 158369319?
5
What is the ten thousands digit of 117283367?
8
What is the tens digit of 562669229?
2
What is the units digit of 5112577927?
7
What is the ten thousands digit of 59337804?
3
What is the units digit of 2018779415?
5
What is the hundred thousands digit of 1150787484?
7
What is the millions digit of 3906984659?
6
What is the units digit of 1609773706?
6
What is the tens digit of 61960950?
5
What is the units digit of 347813457?
7
What is the ten thousands digit of 809893370?
9
What is the millions digit of 3401167?
3
What is the tens digit of 26344633?
3
What is the hundred thousands digit of 120356256?
3
What is the hundred thousands digit of 733981456?
9
What is the ten millions digit of 4752787083?
5
What is the tens digit of 285263778?
7
What is the ten thousands digit of 1495253012?
5
What is the thousands digit of 867232498?
2
What is the units digit of 1945853626?
6
What is the ten millions digit of 34812958?
3
What is the hundreds digit of 390825470?
4
What is the hundreds digit of 73133140?
1
What is the hundreds digit of 19483523?
5
What is the hundred thousands digit of 606144396?
1
What is the millions digit of 548283679?
8
What is the millions digit of 5466665149?
6
What is the units digit of 53764292?
2
What is the millions digit of 152801011?
2
What is the ten thousands digit of 62388348?
8
What is the thousands digit of 1714954593?
4
What is the hundred thousands digit of 1119779032?
7
What is the ten thousands digit of 52162788?
6
What is the mi